n base 3, what is 102 + -21?
11
In base 5, what is 13 + 132?
200
In base 7, what is 34435 - -4?
34442
In base 9, what is -5 + -68?
-74
In base 5, what is 1 + 101?
102
In base 16, what is -7 - -9a?
93
In base 3, what is 20 - 102?
-12
In base 10, what is -86 + 1?
-85
In base 15, what is -16a + -3?
-16d
In base 3, what is -1 - 11?
-12
In base 14, what is 6 - 231?
-229
In base 2, what is 10011110 - -100?
10100010
In base 7, what is -4 + -2005?
-2012
In base 3, what is 1022 - 11100?
-10001
In base 3, what is 2020 - -2100?
11120
In base 5, what is -4 - -104?
100
In base 3, what is 1022 + -10?
1012
In base 13, what is -40 - 85?
-c5
In base 9, what is 7430 + 5?
7435
In base 10, what is -59 - -2?
-57
In base 5, what is 3 + 312?
320
In base 9, what is 3 + 30?
33
In base 10, what is 25 + -2?
23
In base 8, what is 10356 + -4?
10352
In base 16, what is f - 319?
-30a
In base 15, what is 4 + 57?
5b
In base 7, what is -5 + 112?
104
In base 10, what is -41 + -86?
-127
In base 12, what is -1 + -271?
-272
In base 15, what is 230a + 1?
230b
In base 2, what is 110001 - -101?
110110
In base 8, what is -356 - -6?
-350
In base 12, what is 391b - -3?
3922
In base 4, what is 1 + 1003321?
1003322
In base 9, what is 326 + 2?
328
In base 10, what is -544 + 5?
-539
In base 2, what is -10 - -101001001110?
101001001100
In base 16, what is 17 + -12?
5
In base 7, what is 215 + -6?
206
In base 3, what is 120121 - -20?
120211
In base 12, what is 28 + -9?
1b
In base 13, what is 1a - 97?
-7a
In base 7, what is -213 + -3?
-216
In base 15, what is -1e38 + -3?
-1e3b
In base 4, what is 10 - -300033?
300103
In base 16, what is 5676 - 5?
5671
In base 4, what is 2 + 320132?
320200
In base 14, what is 0 - -2c?
2c
In base 11, what is -1 + 79?
78
In base 14, what is 2c + -46?
-18
In base 6, what is -103153 - -1?
-103152
In base 16, what is 92 - -19?
ab
In base 7, what is -401 - 0?
-401
In base 2, what is 11 + 1000010101?
1000011000
In base 13, what is a - 8?
2
In base 5, what is -30244 - 3?
-30302
In base 12, what is -2 - 450?
-452
In base 2, what is 1 - 1010111?
-1010110
In base 12, what is 4 - -1?
5
In base 7, what is -333 - -15?
-315
In base 14, what is -4ac + -1?
-4ad
In base 3, what is 1001 + 22?
1100
In base 12, what is -1 + 7b3?
7b2
In base 10, what is 379 + 16?
395
In base 12, what is -41 - 7?
-48
In base 9, what is 14 - -74?
88
In base 7, what is 543 + 2?
545
In base 15, what is -4 - -4e9?
4e5
In base 2, what is -11000101001 + 1010?
-11000011111
In base 8, what is 407 + -4?
403
In base 2, what is -110 - -101010?
100100
In base 11, what is 231 - -12?
243
In base 9, what is 14 - -1?
15
In base 3, what is 11 - -1120?
1201
In base 6, what is -10 + 221?
211
In base 9, what is 2 - -626?
628
In base 7, what is 4 + -25530?
-25523
In base 13, what is 155b + 7?
1565
In base 8, what is 3455 - 3?
3452
In base 9, what is 5 - 5?
0
In base 4, what is 3 + -1212?
-1203
In base 13, what is 6 - -87?
90
In base 8, what is -61 + -225?
-306
In base 13, what is 3 - a?
-7
In base 4, what is -1113 + 0?
-1113
In base 13, what is 1 + c?
10
In base 12, what is -608 + -2?
-60a
In base 7, what is 30550 - -4?
30554
In base 13, what is -7 - -2?
-5
In base 11, what is -37 - -2?
-35
In base 16, what is 1b + c?
27
In base 5, what is 3 + 3402?
3410
In base 13, what is -1 + -35?
-36
In base 12, what is 202 + 5?
207
In base 9, what is -1 - 34?
-35
In base 2, what is 11011111 - 11?
11011100
In base 12, what is 1004 + -5?
bbb
In base 8, what is 4 + -23175?
-23171
In base 8, what is -137 - 5?
-144
In base 3, what is -20 - 12120002?
-12120022
In base 15, what is -a0 + -41?
-e1
In base 4, what is -10 + -13233?
-13303
In base 3, what is 121 - -1020?
1211
In base 6, what is 213151 + 3?
213154
In base 2, what is 1111 - -1111?
11110
In base 14, what is -1 + -5b?
-5c
In base 10, what is 3186 - 5?
3181
In base 7, what is 300 + 2?
302
In base 9, what is 21 - -1045?
1066
In base 14, what is 1b + -7?
14
In base 12, what is 9 - -9?
16
In base 6, what is 20213 - 3?
20210
In base 3, what is -2111 - 110?
-2221
In base 5, what is 112 + 24?
141
In base 9, what is 527 + -4?
523
In base 16, what is f + a?
19
In base 10, what is 10950 + 0?
10950
In base 2, what is 11011001100 + 11?
11011001111
In base 5, what is -12 + -44?
-111
In base 8, what is -130 - 10?
-140
In base 6, what is 133 - 1?
132
In base 16, what is b - 6be?
-6b3
In base 9, what is -51 - -181?
130
In base 13, what is 1 - -8c?
90
In base 16, what is bf - -1?
c0
In base 6, what is 2 - -1532?
1534
In base 3, what is 10 + 122001?
122011
In base 11, what is -9 - a00?
-a09
In base 12, what is -645 + 2?
-643
In base 4, what is -13 + 3?
-10
In base 13, what is -92b + 4?
-927
In base 10, what is 4 - 57?
-53
In base 2, what is -10000 - -110000?
100000
In base 9, what is 3 - -18?
22
In base 8, what is 401 - -11?
412
In base 13, what is 0 + 9?
9
In base 9, what is 187 + -5?
182
In base 6, what is -1450 - -5?
-1441
In base 10, what is -136 + 4?
-132
In base 4, what is 10000 - 1?
3333
In base 9, what is 1016 + 6?
1023
In base 11, what is -8 + 0?
-8
In base 7, what is -51 - 11?
-62
In base 4, what is -21 - 22133?
-22220
In base 12, what is 43a7 - -4?
43ab
In base 12, what is -197 - -10?
-187
In base 8, what is 5 + -13126?
-13121
In base 11, what is 0 + -140?
-140
In base 13, what is -34 + b0?
79
In base 11, what is 3 + -5?
-2
In base 10, what is 135 - 12?
123
In base 16, what is -a1 + -1?
-a2
In base 3, what is -102 + 1012120?
1012011
In base 11, what is 3 - -2030?
2033
In base 5, what is -3 - 20343?
-20401
In base 15, what is 13 - -2a?
3d
In base 4, what is -2313 - 100?
-3013
In base 6, what is -4 + -10100?
-10104
In base 5, what is 0 - -22423?
22423
In base 13, what is 3 - 132?
-12c
In base 7, what is -13015 + 4?
-13011
In base 4, what is 3012 + 0?
3012
In base 11, what is -1 - -87?
86
In base 11, what is -21 + -49?
-6a
In base 12, what is 4 - 90?
-88
In base 13, what is 0 + 18?
18
In base 7, what is -1 + -64?
-65
In base 10, what is 9715 + -3?
9712
In base 11, what is -391 + 4?
-388
In base 12, what is -4 - -48?
44
In base 11, what is 8 + -304?
-2a7
In base 4, what is 10222 + 2?
10230
In base 11, what is -12 - -3?
-a
In base 13, what is -159 - -6?
-153
In base 10, what is 5 - -9?
14
In base 14, what is -2d + -5c?
-8b
In base 11, what is 44 - -10?
54
In base 9, what is 5 + -3074?
-3068
In base 16, what is 13 + 185?
198
In base 7, what is -124 + 230?
103
In base 2, what is 1001 - 1110001?
-1101000
In base 2, what is 10111 + 0?
10111
In base 7, what is -5 - 202?
-210
In base 5, what is -1301 - 3?
-1304
In base 12, what is 3651 - 2?
364b
In base 7, what is -21 + -355?
-406
In base 12, what is 351 - -5?
356
In base 2, what is 101 - 100110000?
-100101011
In base 6, what is 5422 - 4?
5414
In base 10, what is -4 + 1043?
1039
In base 6, what is 205 + 0?
205
In base 2, what is -110110111 - 100?
-110111011
In base 11, what is -88 - 3?
-90
In base 14, what is -92 + -11?
-a3
In base 14, what is -b - 1b9?
-1c6
In base 15, what is -6 + -ac?
-b3
In base 15, what is 15 + 4?
19
In base 12, what is -5 - 3708?
-3711
In base 9, what is -1 - 220?
-221
In base 2, what is -100 + -10100110?
-10101010
In base 4, what is 1003323 - 11?
1003312
In base 14, what is -2 + -290?
-292
In base 5, what is -1 + 242?
241
In base 13, what is -9c0 + 3?
-9ba
In base 15, what is -4 - 25a?
-25e
In base 13, what is -2 + -498?
-49a
In base 15, what is -a0a - -2?
-a08
In base 16, what is -193a + -2?
-193c
In base 8, what is 0 + -35?
-35
In base 10, what is -1 + 1955?
1954
In base 7, what is -5441 - -14?
-5424
In base 16, what is 1 + 1f5?
1f6
In base 16, what is 187 + 3?
18a
In base 6, what is -23023 + -4?
-23031
In base 9, what is 112454 - 1?
112453
In base 12, what is -5 - -103?
ba
In base 9, what is -242 + 5?
-236
In base 8, what is 1 - 157?
-156
In base 11, what is -116 + 1?
-115
In base 12, what is 4 + 6?
a
In base 3, what is 21221 + -10?
21211
In base 5, what is 4314 + 0?
4314
In base 7, what is 0 - 2323?
-2323
In base 5, what is 324 + 33?
412
In base 2, what is 1110010 + 1?
1110011
In base 11, what is 167a - -2?
1681
In base 8, what is 46 + 265?
333
In base 3, what is 110 - 1?
102
In base 16, what is 10 - 2?
e
In base 3, what is 12110 + -1112?
10221
In base 14, what is -2c + 100?
b2
In base 9, what is 3 + 82?
85
In base 4, 